f 801391?
9
What is the units digit of 451060?
0
What is the hundreds digit of 56227?
2
What is the ten thousands digit of 114216?
1
What is the tens digit of 1475173?
7
What is the ten thousands digit of 2569306?
6
What is the hundreds digit of 184868?
8
What is the hundreds digit of 4461198?
1
What is the units digit of 9694133?
3
What is the tens digit of 3435277?
7
What is the ten thousands digit of 11153851?
5
What is the millions digit of 1216954?
1
What is the tens digit of 35509458?
5
What is the ten thousands digit of 493384?
9
What is the thousands digit of 103439?
3
What is the ten thousands digit of 910893?
1
What is the ten thousands digit of 33039?
3
What is the hundreds digit of 197149?
1
What is the hundred thousands digit of 6993448?
9
What is the hundred thousands digit of 286658?
2
What is the millions digit of 1229402?
1
What is the hundreds digit of 123624?
6
What is the thousands digit of 2702275?
2
What is the tens digit of 279150?
5
What is the tens digit of 1465618?
1
What is the hundred thousands digit of 1379908?
3
What is the tens digit of 650889?
8
What is the units digit of 10315974?
4
What is the hundreds digit of 821377?
3
What is the units digit of 5535098?
8
What is the hundred thousands digit of 13488791?
4
What is the hundreds digit of 93328?
3
What is the tens digit of 276793?
9
What is the units digit of 2561151?
1
What is the hundred thousands digit of 1321502?
3
What is the hundreds digit of 135470?
4
What is the thousands digit of 277050?
7
What is the thousands digit of 6558275?
8
What is the hundred thousands digit of 646584?
6
What is the thousands digit of 1188010?
8
What is the tens digit of 624826?
2
What is the tens digit of 512723?
2
What is the hundreds digit of 8124464?
4
What is the ten thousands digit of 63533?
6
What is the tens digit of 1897405?
0
What is the ten thousands digit of 21323059?
2
What is the ten millions digit of 19999203?
1
What is the thousands digit of 12783331?
3
What is the hundreds digit of 2286552?
5
What is the units digit of 327408?
8
What is the hundred thousands digit of 127504?
1
What is the tens digit of 1385299?
9
What is the ten thousands digit of 16250727?
5
What is the thousands digit of 30021?
0
What is the hundreds digit of 4872526?
5
What is the ten thousands digit of 7887099?
8
What is the thousands digit of 747092?
7
What is the ten thousands digit of 14579933?
7
What is the tens digit of 894041?
4
What is the hundred thousands digit of 3060520?
0
What is the tens digit of 22107052?
5
What is the tens digit of 382972?
7
What is the ten thousands digit of 14645412?
4
What is the hundreds digit of 109445?
4
What is the millions digit of 1184100?
1
What is the hundred thousands digit of 1498736?
4
What is the ten millions digit of 26517112?
2
What is the units digit of 2684098?
8
What is the tens digit of 3425213?
1
What is the units digit of 22184?
4
What is the hundreds digit of 228555?
5
What is the tens digit of 1605604?
0
What is the tens digit of 427886?
8
What is the ten thousands digit of 30982?
3
What is the units digit of 3235044?
4
What is the tens digit of 1973474?
7
What is the units digit of 7762804?
4
What is the millions digit of 10773275?
0
What is the hundreds digit of 1113659?
6
What is the ten millions digit of 33611330?
3
What is the units digit of 6047616?
6
What is the hundred thousands digit of 467057?
4
What is the tens digit of 1340633?
3
What is the tens digit of 1062300?
0
What is the units digit of 8111428?
8
What is the thousands digit of 9026241?
6
What is the tens digit of 698316?
1
What is the tens digit of 7724?
2
What is the tens digit of 124274?
7
What is the hundreds digit of 1033531?
5
What is the thousands digit of 884783?
4
What is the tens digit of 4508562?
6
What is the tens digit of 207420?
2
What is the tens digit of 2438017?
1
What is the hundreds digit of 195503?
5
What is the hundred thousands digit of 4137218?
1
What is the tens digit of 865564?
6
What is the millions digit of 13241184?
3
What is the tens digit of 142917?
1
What is the tens digit of 1587255?
5
What is the tens digit of 8605229?
2
What is the thousands digit of 2012824?
2
What is the hundreds digit of 770887?
8
What is the ten thousands digit of 543756?
4
What is the thousands digit of 242850?
2
What is the ten millions digit of 22639526?
2
What is the thousands digit of 10561908?
1
What is the units digit of 2048357?
7
What is the hundred thousands digit of 259211?
2
What is the ten thousands digit of 1096455?
9
What is the ten thousands digit of 1871828?
7
What is the units digit of 686536?
6
What is the thousands digit of 510247?
0
What is the tens digit of 35088?
8
What is the thousands digit of 12546294?
6
What is the thousands digit of 8651769?
1
What is the units digit of 5322803?
3
What is the thousands digit of 452753?
2
What is the hundred thousands digit of 258353?
2
What is the units digit of 19711338?
8
What is the ten thousands digit of 1509060?
0
What is the hundred thousands digit of 185128?
1
What is the hundred thousands digit of 118999?
1
What is the hundreds digit of 25970752?
7
What is the tens digit of 230136?
3
What is the hundreds digit of 348021?
0
What is the units digit of 34233675?
5
What is the thousands digit of 129020?
9
What is the ten thousands digit of 41124?
4
What is the ten thousands digit of 209989?
0
What is the ten thousands digit of 25871450?
7
What is the thousands digit of 596519?
6
What is the thousands digit of 24698006?
8
What is the tens digit of 6389488?
8
What is the thousands digit of 1981236?
1
What is the thousands digit of 4149550?
9
What is the tens digit of 27960?
6
What is the hundred thousands digit of 3651823?
6
What is the millions digit of 20372811?
0
What is the hundreds digit of 376516?
5
What is the units digit of 25018041?
1
What is the ten thousands digit of 181747?
8
What is the hundred thousands digit of 890563?
8
What is the hundreds digit of 2442150?
1
What is the tens digit of 7743068?
6
What is the hundred thousands digit of 2508157?
5
What is the thousands digit of 3385215?
5
What is the ten thousands digit of 719537?
1
What is the hundreds digit of 28127033?
0
What is the tens digit of 11191260?
6
What is the ten thousands digit of 885421?
8
What is the hundreds digit of 38630?
6
What is the tens digit of 2553249?
4
What is the hundred thousands digit of 199783?
1
What is the units digit of 1606656?
6
What is the millions digit of 1530477?
1
What is the tens digit of 248326?
2
What is the hundreds digit of 2444755?
7
What is the units digit of 466483?
3
What is the units digit of 110816?
6
What is the thousands digit of 3382105?
2
What is the units digit of 200662?
2
What is the ten thousands digit of 7813206?
1
What is the thousands digit of 561357?
1
What is the units digit of 3141186?
6
What is the ten thousands digit of 1141817?
4
What is the thousands digit of 1023471?
3
What is the units digit of 128133?
3
What is the tens digit of 186415?
1
What is the hundred thousands digit of 576197?
5
What is the ten thousands digit of 18396902?
9
What is the hundreds digit of 594947?
9
What is the hundreds digit of 2036704?
7
What is the units digit of 27989278?
8
What is the hundreds digit of 8330139?
1
What is the ten thousands digit of 58875?
5
What is the millions digit of 4407045?
4
What is the units digit of 675145?
5
What is the units digit of 179672?
2
What is the ten thousands digit of 943573?
4
What is the ten thousands digit of 114916?
1
What is the units digit of 106567?
7
What is the millions digit of 39376174?
9
What is the thousands digit of 24506133?
6
What is the units digit of 1857623?
3
What is the hundreds digit of 4892?
8
What is the tens digit of 4264986?
8
What is the tens digit of 173291?
9
What is the ten thousands digit of 790134?
9
What is the hundred thousands digit of 136713?
1
What is the thousands digit of 147341?
7
What is the ten thousands digit of 501544?
0
What is the hundred thousands digit of 333768?
3
What is the thousands digit of 929456?
9
What is the units digit of 167576?
6
What is the hundreds digit of 335924?
9
What is the thousands digit of 19097762?
7
What is the tens digit of 684183?
8
What is the ten thousands digit of 115194